+ -6. What is the tens digit of w?
1
Let r(g) = g + 10. Suppose -d = d + 18. What is the units digit of r(d)?
1
Let s be 5 + -16 - (-1 - 1). What is the tens digit of (6/(-2))/(s/30)?
1
Let l be 88 - 9 - 2/(-2). What is the tens digit of -3 - 1/((-4)/l)?
1
Let r = 131 - 100. What is the units digit of r?
1
What is the hundreds digit of (2 - -2) + -1 + 101?
1
Let f be ((-6)/12)/((-2)/(-28)). Let w = 1 - f. What is the units digit of w?
8
Let w be -2*((-21)/6 + 2). Let x(t) = t**2 + 4*t - 2. What is the units digit of x(w)?
9
Suppose -19 - 26 = -3*u. Suppose n + 3 - u = 0. What is the tens digit of n?
1
What is the tens digit of (-10094)/(-105) - 2/15?
9
Let s(z) = -35*z**3 - 9*z**2 - 11. Let l(q) = 18*q**3 + 5*q**2 + 6. Let n(i) = 11*l(i) + 6*s(i). What is the tens digit of n(-1)?
1
Let t = 55 + -50. What is the units digit of t?
5
Let s be ((-2)/(-6))/(2/102). Suppose s = 6*t - 5*t. What is the units digit of t?
7
Let i be (-4 + 5)/(3/(-9)). What is the units digit of (28/(-3) - 2)*i?
4
Let b = 1 - -4. What is the units digit of b?
5
Suppose 3*t - 8 = 7. Suppose t*z - 63 = 3*f, -f = f - 8. What is the tens digit of z?
1
Let j(n) = n**2 + 6*n + 3. Let x be j(-5). Let z(b) = b + 1. Let l be z(1). What is the units digit of ((-23)/l - -1)*x?
1
Let v be (8*1)/((-2)/(-7)). Suppose -4*q - q + v = p, 0 = -2*q - 3*p + 6. What is the units digit of q?
6
Suppose 0 = 5*a - 3*a - 118. Suppose -3*o + 13 = -a. Suppose -3*t + 7*t = o. What is the units digit of t?
6
Let y(b) = -4*b**2 + 12*b + 10. Let g(r) = -5*r**2 + 12*r + 10. Let a(t) = 3*g(t) - 4*y(t). Let w be a(11). What is the units digit of (12/9 - 2)*w?
4
Let t be 0 - (-2 - 10)/2. Suppose -b = -t - 12. What is the tens digit of b?
1
Let q be 2 + -4 - (-11 - 0). Suppose 17 = z - q. What is the tens digit of z?
2
Suppose -4*h = j - 3 - 9, -h - 18 = -5*j. Suppose h*l + 7 = 3*l. What is the units digit of l?
7
Let x be (-3 + 0)/((-24)/40). Suppose 5*q = 15, 5*l + x*q - 182 - 73 = 0. What is the units digit of l?
8
Suppose 0 = -0*a - a - 12. Let s = -7 - a. What is the units digit of s?
5
Let g(h) = 4*h. Let x be g(3). Suppose -2*i = 2*i - x. What is the units digit of i?
3
Suppose -5*x + 4*x + 26 = 0. What is the units digit of x?
6
Let u(o) = -o**2 - 8*o + 5. What is the units digit of u(-8)?
5
Let q(t) = 2*t**2 + 2*t - 1. Let n be q(-3). Let c = 21 + -3. Let a = c - n. What is the units digit of a?
7
Let c be (15/6)/((-4)/(-8)). Let n = 52 - 7. Suppose 0*k + c*k - n = 0. What is the units digit of k?
9
Suppose -6*u + 7*u = 31. Let o(i) = i**2 - 4*i - 2. Let s be o(5). Suppose -u + 1 = -s*y. What is the tens digit of y?
1
Let m = -11 + 163. What is the hundreds digit of m?
1
Suppose 8 = -g - g. What is the tens digit of (-130)/15*6/g?
1
Let y(s) = -15*s - 3. What is the tens digit of y(-2)?
2
Let t(g) = -g**2 - 23*g - 30. What is the hundreds digit of t(-12)?
1
Let v = -16 - -23. Let p = v - 4. Suppose 3 = p*g - 3. What is the units digit of g?
2
Suppose m - 3 - 1 = 0. Suppose 0 = m*w + w - 175. What is the tens digit of w?
3
Let u = 39 - 10. Let l = u + -21. What is the units digit of l?
8
Let a(j) = -6*j**2 + j + 1. Let z be a(2). Let q = -1 - z. Suppose -q = -3*g - 2*g. What is the units digit of g?
4
Suppose 4*q - 127 + 3 = 0. What is the units digit of q?
1
Let n(d) be the third derivative of d**5/60 - 7*d**4/24 - 11*d**3/6 - 8*d**2. What is the units digit of n(9)?
7
Suppose -3*q + 16 = -2*h - 7*q, 5*q = -2*h - 21. Let y(j) = -j**3 + 3*j**2 + 4*j. Let f be y(4). Suppose -4 = -h*k - f*k. What is the units digit of k?
2
Suppose 14 = 2*z - 4*r + 2*r, 7 = 3*z + 4*r. Suppose -z*h = -23 - 32. Let q = h + -7. What is the units digit of q?
4
Let t(x) = -x + 8. Let j be t(7). Let z = j + 12. What is the tens digit of z?
1
Let f(o) = -o**3 - 6*o**2 - 4*o + 5. Let g be f(-5). Let a be 3 + 0 + -2 - g. Suppose -3*j + 3*k + 12 = 0, 5*k + 3 + a = 3*j. What is the units digit of j?
8
Let m(o) = -2*o - 7. Let c be m(-6). Suppose c*b - 3*b = 40. Suppose 20 = 5*d - b. What is the units digit of d?
8
Suppose -11 = -3*i + 1. Let h be (-28)/(-6) + i/12. Suppose -b = -h*b + 3*g + 65, -5*g = 15. What is the units digit of b?
4
Suppose 0 = -k - 3, 3*k = 4*p + 1 + 6. What is the tens digit of ((-3)/p)/((-7)/(-168))?
1
Suppose 2*u = u + 3. Let v be 170/8 - u/12. Suppose 9 = 3*r - v. What is the tens digit of r?
1
What is the tens digit of -5*-4*(-4)/(-8)?
1
Let a(s) = -11*s**2 + 3*s + 3. Let q(g) = -2*g + 3. Let l be q(3). Let h be a(l). What is the units digit of (-4)/6 + h/(-9)?
1
Suppose 9*r = 4*r + 235. What is the tens digit of r?
4
Suppose 0 = -4*g - 12, -g = 2*u - 5*u + 609. What is the units digit of u?
2
Let h(r) = -10*r - 4. Let k be h(8). What is the units digit of 5/(-2)*k/10?
1
Let r = 106 + -56. What is the units digit of r?
0
Suppose 0 = 4*o + 3*l - 7, 3*l + 0 = 4*o - 1. Let t = 34 + o. Suppose 4*k + t = 5*c, -4*c - 3*k + 7 = -2*k. What is the units digit of c?
3
Let p(i) = -i**2 - i + 9. Let w be p(0). Suppose -t - w = -2*t - 3*u, 8 = t + 4*u. What is the tens digit of t?
1
Suppose 0 - 8 = -2*t. Suppose 2*y + 2 = t. Suppose y = 3*i - 2. What is the units digit of i?
1
Let v(r) = -r + 6. Let p be v(-6). Let a(b) = 5*b**2 - 18*b + 9. Let f(h) = -6*h**2 + 19*h - 8. Let c(z) = -5*a(z) - 4*f(z). What is the tens digit of c(p)?
1
Suppose 0*u - u = -16. Suppose 0 = 2*d - 6 - u. What is the tens digit of d?
1
Let g = -15 + 29. What is the tens digit of g?
1
Let z(w) = 3*w - 4*w**2 + 44 + 5*w**2 - 51. What is the tens digit of z(6)?
4
Let u be (3 + 21/(-6))*0. Suppose -5*r = 4*q - 30, -r = -u*r + 5*q + 15. What is the units digit of r?
0
Suppose 0*y - 19 = -y. Let o = -3 + y. What is the tens digit of o?
1
What is the tens digit of (-57)/(-38) - (-1 + 561/(-2))?
8
What is the tens digit of (8/(-10))/(6/(-495))?
6
Suppose 3*p - 2*t + 6 = 0, -4 - 2 = -2*t. Suppose 2*j = -p*j + 24. What is the units digit of j?
2
Let t be (-2*1 - -3) + 1. Suppose t*z - 18 = 6. What is the units digit of z?
2
Suppose 3*o + 60 = 3*m, 5*o + 4 = 3*m - 4*m. Let z = -10 + m. What is the units digit of z?
6
Let h = -111 - -241. What is the units digit of h?
0
Suppose 4*c - 64 - 220 = 0. Let t = c - 48. What is the units digit of t?
3
Let s be -1*(3 - (-34)/(-1)). Let p = s - 15. What is the tens digit of p?
1
Suppose 0*j + 5*j - 1765 = 0. What is the units digit of j?
3
Let q(y) = y**2 + 8*y + 3. Let b be q(-8). Let s be b/2*(-24)/(-9). Suppose 0*v + s*v = 56. What is the units digit of v?
4
Suppose -l + 4 = 2. Suppose l*r - 88 = -4*x, -4*x - 5*r + 86 = -14. What is the units digit of x?
0
Let g = 0 + -24. Let x = 36 + g. What is the tens digit of x?
1
Let u(w) = -17*w - 34. What is the units digit of u(-5)?
1
Suppose 4*q + 3*d = 112 - 23, -q + 6 = 4*d. What is the units digit of q?
6
Let n(a) = -a**3 - 11*a**2 - a - 4. Let l be n(-11). Suppose -4*x + 59 = l. What is the units digit of x?
3
Suppose z = 4*z - 9. What is the tens digit of 10*z/((-9)/(-3))?
1
Suppose -5*v + 2*z + 14 = -0*z, 0 = 3*v - 3*z - 12. Suppose -4*b - v*s + 9 = -b, -2 = -b - s. Let y = -1 + b. What is the units digit of y?
4
Suppose 17 - 5 = -4*a, n - 3*a = 14. Suppose 0 = -2*o + o - 2*d - 5, -n*o + 11 = d. Suppose -2*l - 43 = -4*y + 11, l + o = 0. What is the tens digit of y?
1
What is the tens digit of ((-4060)/(-174))/(2/15 - 0)?
7
Suppose 11*i + 252 = 17*i. What is the tens digit of i?
4
Suppose 23 = 4*d - 1. Let l = 9 - d. What is the units digit of l?
3
Let j = -17 + 15. Let p = j + 3. What is the units digit of p?
1
Let m = -18 - -33. What is the units digit of (-3)/m*2*-20?
8
Suppose -5*x = 182 + 128. Let m = x + 110. What is the tens digit of m?
4
What is the units digit of (9 + -3)*(18 + 1)?
4
Suppose 4*w = 3*w - 2, -w - 2 = 2*l. Let x = 1 - l. What is the units digit of 7*x + (4 - 4)?
7
Suppose 0 = 5*k + 4*o - 200, 4*k + 5*o = 3*o + 166. What is the units digit of k?
4
What is the tens digit of 8 - (-6 + (-3)/(-1))?
1
Suppose 0 = -0*c - 5*c + 385. Suppose -3*u - 8 = -c. What is the tens digit of u?
2
Suppose 2*u - 5*u - 3 = 0. Let f be (3/4)/(u/(-8)). Let h(k) = -k**3 + 7*k**2 - 5*k + 2. What is the units digit of h(f)?
8
Suppose -o + 7 = -2*q, -3*o - 4*q - 35 = -8*o. Suppose o - 4 = x. Suppose -l = -x*l + 3*j + 27, -2*l + 7 = j. What is the units digit of